 458 - 14*y - 439 - 2*y**2. Determine v(2).
3
Suppose 44 = 5*j - 11. Let r = 435 + -289. Let t(s) = 85 + 77 - s - r. Determine t(j).
5
Let d(r) = -43*r - 704. Let a(k) = 12*k + 196. Let x(o) = 25*a(o) + 7*d(o). Let v = -2 - -2. Determine x(v).
-28
Let j(w) = -4*w**3 - 60*w**2 + 393*w - 421. Let o(t) = -3*t**3 - 40*t**2 + 277*t - 281. Let k(v) = -5*j(v) + 7*o(v). Determine k(19).
5
Let x(c) = 22*c + 29 - 31 + 12*c**2 - 25*c**2 + 19*c**2. Give x(-4).
6
Let p(g) be the first derivative of -g**4/4 - 8*g**3 + 3*g**2/2 + 49*g + 3607. What is p(-24)?
-23
Suppose 5*y + 56 = 5*a + 76, 5*y - 10 = 0. Let h(t) = -3*t**3 - 2*t**2 - 3*t - 4. Calculate h(a).
18
Let f(x) be the first derivative of -x**4/24 - 5*x**3/6 - x**2/2 - 20*x + 252. Let i(j) be the second derivative of f(j). Determine i(-4).
-1
Let s be (6 + (-36)/6)/1. Suppose 0 = -2*h + 4*f - 2, 3*h - 5*f + 1 + 0 = s. Let u(j) = 30*j - 24. Let o(y) = 6*y - 5. Let w(b) = -14*o(b) + 3*u(b). Give w(h).
16
Let u = 2 - -5. Let l(q) = 13*q + 15*q - 9 + 2*q - 34*q + 7*q. Let z(t) = 4*t - 14. Let p(w) = u*l(w) - 5*z(w). Calculate p(-8).
-1
Let a(n) = -n - 5. Let u(o) = -o**2 - 45*o + 547. Let b be u(10). Give a(b).
-2
Let l = 4 - 19. Let o(p) = 6 + 62*p**3 - 63*p**3 - 9*p**2 + 0 + p - 6*p**2. Calculate o(l).
-9
Suppose -12*x = -19*x + 112. Suppose x*a = 2*a + 42. Let h(w) = 2*w**2 - 4*w + 3. Calculate h(a).
9
Let s(d) be the third derivative of 3*d**4/8 - 22*d**3/3 + 64*d**2 - d - 2. Give s(4).
-8
Suppose -6 = -3*n, 7 = m - 3*n + 22. Let x be (6/4)/((76/(-24))/(-19)). Let y(r) = -10*r**2 + 3 + 11*r**2 + r + x*r. Calculate y(m).
-6
Let w be (-8)/4 - (11 - 2 - 15). Let m(c) = -3*c**3 + 9*c**2 + 13*c - 5. Give m(w).
-1
Let s(m) be the first derivative of -m**3/3 + 2*m - 1. Let j(u) = 7*u + 4*u + 819*u**2 - 820*u**2 + 1 - 10*u. Let r(b) = -4*j(b) + 3*s(b). Calculate r(5).
7
Let d be (-3)/48*-2*8. Let f(h) = 8*h**2 - 5*h**2 + d - 17*h + 19*h. Let v = 127 + -130. Calculate f(v).
22
Let r(c) = 4*c**3 - 24*c**2 - c + 9. Let b be r(6). Suppose 6 = -b*j + 36. Let n(x) = -x**2 + 9*x + 5. Give n(j).
-5
Let g = 5 - 3. Suppose -k + 0 = g. Let m(f) = 21*f**3 + 2350*f - 249106*f**2 + 249104*f**2 - 20*f**3 + 1 - 2351*f. Calculate m(k).
-13
Let u(c) = -c**2 + 7*c - 5. Let v be u(6). Let p(o) = -5 + o**2 + 4*o + 2*o**2 - o**3 - v - 7*o**2. Let a = -61 - -56. Calculate p(a).
-1
Let o(z) = 5*z - 8. Let j = -191 - -189. Let d(l) = -l + 2. Let a(g) = j*o(g) - 9*d(g). What is a(5)?
-7
Let c(b) = -20*b + 11*b + 5*b + 2*b + 2. Let s = -15 - -77. Let p = -65 + s. What is c(p)?
8
Let a(j) = j**2 + j**2 + 2*j - 2 + 0*j - 4*j. Let k be (16/(-28))/(-3 - 76/(-28)). Give a(k).
2
Let w(j) = -1320*j**2 - 1316*j**2 + 2628*j**2 + 8*j + j**3 - 8. Give w(7).
-1
Let f(i) = -2*i**2 + 34*i - 11. Suppose 11*y + 3*h - 85 = 6*y, 2*y + 3*h - 34 = 0. Calculate f(y).
-11
Let t(w) be the second derivative of w**4/4 + 13*w**3/3 - 13*w**2/2 - w - 553. Determine t(-11).
64
Let w(i) = 3736 + 12*i + 3734 - 7457 - 16*i. Determine w(-1).
17
Suppose -2*u = -5*k - 189, 5*k = -0*k - 2*u - 181. Let s = k - -39. Let t be (0 - 2)*s/4. Let x(n) = 2*n - 1. Give x(t).
-3
Suppose 4*f - d - 298 + 290 = 0, 4*f = 3*d. Let i(p) = 2*p**3 - 2*p**2 - 11*p - 6. Calculate i(f).
-3
Let z = -28 - -30. Suppose 4*n + a - 119 = 0, -2*a - 152 = -3*n - z*n. Let h = 33 - n. Let d(x) = -x**2 + 2*x + 3. Give d(h).
0
Let f = 45877 - 45883. Let b(x) = -x**3 - 5*x**2 - 3*x - 45. What is b(f)?
9
Suppose -r - 4*u - 26 = 0, 0 = -3*r - 1430*u + 1434*u + 2. Let w(l) be the first derivative of 2*l**2 - 5*l - 1. Calculate w(r).
-29
Suppose -41*b + k - 27 = -42*b, -2*k + 129 = 5*b. Let t(y) = y**2 - 18*y - 169. Give t(b).
6
Let s be (-16)/(-3) + 8/(-6). Suppose -h - s*h = -90. Suppose h = p + 24. Let q(c) = 2*c + 8. What is q(p)?
-4
Let n = 11 + -17. Let v(p) be the second derivative of -p**4/12 - 2*p**3/3 + 7*p**2/2 + p - 1402. What is v(n)?
-5
Let l(c) = -2*c - 6. Let j be l(-4). Let t(h) be the third derivative of -h**6/120 + h**5/60 - h**4/12 + h**3/6 - 23*h**2 - 110*h. What is t(j)?
-7
Let g(a) = -20*a**2 + 7 + 24*a + 18*a - 10*a**2 + 35*a**2 - 63*a. Give g(5).
27
Suppose 20*y = 16*y + 28. Let f(k) = -y + 500*k - 162*k - 170*k - 165*k. Calculate f(3).
2
Let q(b) be the second derivative of -17*b**6/720 - b**5/30 + 49*b**4/3 - 22*b. Let m(y) be the third derivative of q(y). What is m(-3)?
47
Let b(l) = -58 + 5 + 43*l - 14*l - 9 + l**2 + 0*l. Calculate b(-31).
0
Let m(c) = 13*c**2 + 14*c - 21. Let n(u) = -23*u**2 - 29*u + 42. Let d(p) = -7*m(p) - 4*n(p). Give d(-19).
-2
Suppose 111 + 86 = -102*d - 7. Suppose -7*m + 3*g = -3*m - 20, -3*m - 14 = 5*g. Let b(t) = -3*t**m - 2*t + 2*t - t. What is b(d)?
-10
Let p(x) = -x**3 + 19. Let h(r) = 4*r**3 + 9*r**2 + 3*r - 39. Let n(w) = -h(w) - 3*p(w). Give n(-9).
9
Let n(a) = -3*a**3 - a**2 - a - 4. Let z be n(-2). Let c be z/(-45)*(-10)/4. Let f be (c + (-2)/1)*-3 + -10. Let i(b) = b**3 + 7*b**2 + 3*b + 4. Give i(f).
-17
Let v(m) be the first derivative of m**4/4 - 2*m**3/3 - 52*m - 7444. Determine v(0).
-52
Let s(g) be the second derivative of -g**4/12 + 10*g**3/3 - 6*g**2 + 8395*g. Give s(17).
39
Let g(k) = -37 - 22 + 24*k + 43 - 82. Determine g(4).
-2
Suppose -2*i + 56 = 2*a, -7*a + 12*a - 94 = -3*i. Let d(s) = 57 - 16 - i + s - 21. Determine d(3).
0
Let u(p) = -45 + 24*p**3 - 44 + 17*p**3 + 9*p + 16*p - 27*p**2 - 42*p**3. What is u(-28)?
-5
Let k(f) = f**2 - 23*f - 1. Let s(u) = 17*u**2 - 43*u + 44. Let r be s(1). Calculate k(r).
-91
Suppose 0 = 8*s - 65 + 25. Let f(v) = -v**2 - 7. Let w(h) = 6*h**2 + 36. Let l(p) = -11*f(p) - 2*w(p). Determine l(s).
-20
Let q(d) = -d**3 + 2*d**2 + 4*d - 2. Suppose 0 = -5*c, -5*c + 13 + 12 = 5*p. Suppose p = 5*a - 10. Calculate q(a).
1
Let n(f) be the first derivative of f**3/3 + 7*f**2/2 - 10*f - 668. Let w be 174/21 + (-4)/14. Let o = 0 - w. Determine n(o).
-2
Suppose -3*r = 5*o - 14, r + 0*o = -4*o. Suppose -r*p = -47 + 23. Let k(t) = 0*t**2 + t**p - t**2 + 75 - 52. Give k(0).
23
Let r = -5 - -10. Suppose 0 = 3*k - 4*h - 355, -2*k + 4*h + 258 - 24 = 0. Let p(z) = k*z**3 + 4*z**2 + 127*z**3 - 375*z**3 + 2*z + 126*z**3. Calculate p(r).
-15
Let z(m) = -20*m + 194. Let g(s) = 80*s - 863. Let a(x) = 2*g(x) + 9*z(x). Calculate a(4).
-60
Let h(z) = -4*z**3 - z**2 - 2*z - 10. Let l be h(0). Let x(i) = -6*i**2 - 59*i + 7. Give x(l).
-3
Let u(l) = l**3 - 2*l**2 + 2. Let p be u(2). Let b(y) = 11*y + 18*y**2 + 18*y**p - 35*y**2 + 15. Let q(w) = 20*w + 110. Let o be q(-6). Give b(o).
5
Let v(t) = -4*t + 13. Let d be v(14). Let z = d + 68. Suppose 0 = -x - 4*x + z. Let r(c) = c**3 - 7*c**2 + 7*c. What is r(x)?
-15
Let h(c) be the third derivative of c**4/4 + 22*c**3/3 - c**2 - 14*c. Let f be h(-8). Let s(p) = p**2 + p. Calculate s(f).
12
Let s(f) = -f**3 + 4*f + 1. Let p be (3 + 3)/((-7)/((-56)/16)). Calculate s(p).
-14
Let q = 6442 - 6444. Let o(m) = m**2 + 6*m - 1. What is o(q)?
-9
Let q(t) = 21*t - 12*t**3 - 6*t**2 + 1 + 7*t + 11*t**3 - 22 + 17*t**2. Determine q(13).
5
Let v(u) = -60*u - 19. Let o(q) = 2*q + 3. Let t(i) = -2*o(i) - v(i). Determine t(3).
181
Let j(h) = 2*h - 12. Let l = 8765 - 8760. What is j(l)?
-2
Let i(s) = -31*s + 3. Let r(n) = 10*n - 1. Let v(b) = 2*i(b) + 6*r(b). Calculate v(-6).
12
Let i(j) = -34 + 45 + 19 - 13*j. What is i(4)?
-22
Let c(a) = -14*a**2 + a. Suppose 0 = 3*k + 22 - 1. Let t be 0 + -8 + 5 - 0. Let r(j) = 27*j**2 - 2*j. Let f(p) = k*c(p) + t*r(p). Calculate f(-1).
18
Suppose 19 + 77 = 16*s. Let h(t) = t. Let a(u) = 5*u - 9. Let d(l) = s*h(l) - a(l). Give d(-11).
-2
Suppose 8 = t + 3. Let w be (-1 - 4/(-20))*(-1825 + 0). Let m(g) = -1460 + w + g. Give m(t).
5
Let q(j) = j - 98. Let y(v) = 28. Let b(i) = 4*q(i) + 14*y(i). Calculate b(2).
8
Let k(v) = v**3 - 9*v**2 + 2*v - 8. Suppose 369 + 79 = 73*g - 209. Calculate k(g).
10
Let n = -93 - -96. Suppose b + 2*v - 4 = 0, -16*v = -13*v - n. Let l(z) = 3 + 7*z**2 - 5 + 2*z - 6*z**2. What is l(b)?
6
Let v(c) = 11*c + 2. Suppose -17*q + 2 + 32 = 0. Suppose 0 = 4*l + i - 13, -q = 2*i - 4. Determine v(l).
35
Let n(y) = -10*y - 107. Let z(d) = -10*d**3 + 16*d**2 - d - 14. Let h be z(0). Calculate n(h).
33
Let c(s) = 98*s - 87. Let b(x) = 39*x - 44. Let w(i) = 5*b(i) - 2*c(i). Give w(-22).
-24
Let t(g) = -19*g**3 + 77*g**2 + 31*g - 169. Let c(q) = 5*q**3 -